te the greatest common divisor of 10 and 65.
5
What is the greatest common divisor of 1862 and 1029?
49
Calculate the greatest common divisor of 2728 and 22.
22
Calculate the greatest common factor of 330 and 770.
110
What is the highest common divisor of 414 and 874?
46
What is the highest common factor of 2490 and 30?
30
Calculate the highest common divisor of 195 and 5145.
15
What is the greatest common divisor of 5 and 20?
5
What is the highest common divisor of 611 and 141?
47
Calculate the highest common factor of 46 and 736.
46
What is the greatest common factor of 119 and 6273?
17
Calculate the highest common factor of 19 and 361.
19
What is the highest common divisor of 4376 and 16?
8
Calculate the highest common divisor of 10 and 370.
10
What is the greatest common factor of 8448 and 33?
33
Calculate the greatest common divisor of 176 and 80.
16
What is the highest common factor of 10 and 505?
5
What is the highest common factor of 85 and 1745?
5
Calculate the greatest common factor of 36 and 636.
12
Calculate the highest common factor of 437 and 667.
23
What is the greatest common divisor of 259 and 133?
7
What is the highest common factor of 30 and 1640?
10
Calculate the highest common divisor of 1241 and 146.
73
Calculate the highest common factor of 80 and 165.
5
What is the highest common divisor of 799 and 1751?
17
What is the highest common divisor of 460 and 368?
92
Calculate the greatest common divisor of 297 and 66.
33
What is the highest common divisor of 924 and 588?
84
What is the greatest common divisor of 16 and 568?
8
What is the highest common divisor of 2002 and 546?
182
Calculate the highest common divisor of 4524 and 78.
78
Calculate the highest common factor of 4698 and 638.
58
Calculate the highest common divisor of 8680 and 8.
8
Calculate the highest common divisor of 744 and 341.
31
What is the greatest common divisor of 252 and 210?
42
Calculate the greatest common factor of 8 and 6432.
8
Calculate the highest common factor of 1284 and 24.
12
Calculate the highest common divisor of 616 and 77.
77
What is the highest common factor of 43185 and 15?
15
Calculate the highest common factor of 110 and 154.
22
What is the greatest common divisor of 200 and 40?
40
What is the highest common divisor of 378 and 882?
126
Calculate the highest common divisor of 25200 and 75.
75
What is the greatest common divisor of 2354 and 110?
22
What is the highest common divisor of 1791 and 9?
9
Calculate the greatest common divisor of 66 and 286.
22
Calculate the greatest common factor of 1072 and 1675.
67
Calculate the highest common divisor of 96 and 180.
12
Calculate the greatest common factor of 187 and 34.
17
Calculate the highest common divisor of 442 and 204.
34
What is the greatest common divisor of 36503 and 211?
211
What is the highest common factor of 3111 and 610?
61
What is the highest common factor of 1985 and 5?
5
Calculate the highest common divisor of 6 and 384.
6
What is the greatest common divisor of 26 and 962?
26
What is the greatest common factor of 4480 and 28?
28
What is the greatest common factor of 48 and 296?
8
Calculate the highest common factor of 3556 and 140.
28
What is the highest common factor of 198 and 450?
18
Calculate the highest common factor of 340 and 476.
68
What is the highest common factor of 272 and 64?
16
What is the greatest common divisor of 34 and 14?
2
Calculate the greatest common divisor of 1824 and 144.
48
What is the highest common factor of 4 and 196?
4
Calculate the greatest common divisor of 255 and 5.
5
What is the highest common factor of 1975 and 900?
25
What is the greatest common divisor of 75 and 30?
15
What is the greatest common factor of 59 and 1003?
59
Calculate the greatest common divisor of 78 and 24414.
78
Calculate the greatest common factor of 48 and 384.
48
What is the greatest common factor of 4 and 1?
1
What is the highest common factor of 418 and 33?
11
What is the highest common divisor of 91 and 12467?
91
Calculate the highest common divisor of 1029 and 14.
7
What is the greatest common divisor of 1734 and 78?
6
What is the greatest common factor of 145 and 87?
29
What is the greatest common factor of 129 and 3?
3
Calculate the highest common factor of 59 and 1829.
59
What is the greatest common factor of 17 and 544?
17
What is the highest common divisor of 775 and 1209?
31
Calculate the highest common factor of 184 and 15778.
46
What is the greatest common divisor of 85 and 20?
5
Calculate the highest common divisor of 998 and 18.
2
What is the highest common divisor of 11210 and 826?
118
Calculate the highest common divisor of 176 and 22.
22
What is the highest common factor of 9 and 36?
9
Calculate the greatest common factor of 25894 and 968.
242
Calculate the greatest common factor of 50 and 880.
10
What is the highest common factor of 15 and 800?
5
Calculate the highest common divisor of 3 and 69.
3
What is the greatest common divisor of 26 and 94?
2
What is the highest common divisor of 11 and 671?
11
Calculate the greatest common factor of 34 and 3502.
34
What is the greatest common divisor of 132 and 4972?
44
Calculate the highest common factor of 24 and 11238.
6
Calculate the highest common factor of 125 and 10.
5
Calculate the highest common divisor of 1393 and 21.
7
What is the highest common divisor of 240 and 56?
8
What is the greatest common divisor of 46 and 2047?
23
What is the highest common factor of 52 and 2444?
52
Calculate the highest common factor of 88 and 374.
22
Calculate the greatest common divisor of 24 and 108.
12
What is the highest common factor of 200 and 450?
50
What is the highest common divisor of 33 and 2519?
11
What is the highest common factor of 13419 and 189?
189
Calculate the highest common factor of 63 and 1008.
63
Calculate the highest common divisor of 18 and 33.
3
Calculate the highest common divisor of 30 and 12.
6
What is the greatest common divisor of 165 and 22?
11
What is the highest common factor of 3423 and 21?
21
Calculate the greatest common factor of 611 and 47.
47
What is the highest common factor of 8771 and 179?
179
Calculate the greatest common factor of 512 and 208.
16
Calculate the greatest common divisor of 45 and 2055.
15
What is the greatest common divisor of 74 and 555?
37
Calculate the greatest common divisor of 48 and 48.
48
Calculate the highest common factor of 231 and 63.
21
What is the greatest common divisor of 6873 and 174?
87
Calculate the highest common divisor of 226 and 4859.
113
Calculate the greatest common factor of 768 and 96.
96
Calculate the greatest common divisor of 4 and 534.
2
What is the greatest common factor of 190 and 114?
38
Calculate the highest common divisor of 608 and 114.
38
What is the greatest common divisor of 6 and 1766?
2
Calculate the highest common divisor of 4065 and 2981.
271
Calculate the highest common factor of 59 and 649.
59
Calculate the greatest common factor of 248 and 15748.
124
Calculate the highest common divisor of 5781 and 423.
141
What is the highest common divisor of 145 and 5?
5
Calculate the greatest common factor of 8 and 58.
2
Calculate the greatest common divisor of 6039 and 61.
61
Calculate the greatest common factor of 441 and 9.
9
What is the highest common factor of 1809 and 67?
67
What is the greatest common divisor of 1216 and 532?
76
Calculate the highest common factor of 74 and 481.
37
Calculate the highest common divisor of 134 and 3283.
67
Calculate the greatest common divisor of 704 and 32.
32
What is the greatest common factor of 207 and 8303?
23
What is the highest common divisor of 341 and 1034?
11
What is the highest common factor of 9510 and 10?
10
What is the greatest common divisor of 110 and 44?
22
Calculate the greatest common factor of 4 and 16.
4
Calculate the greatest common divisor of 1833 and 141.
141
Calculate the greatest common factor of 41 and 1107.
41
Calculate the greatest common divisor of 176 and 792.
88
Calculate the highest common divisor of 247 and 361.
19
What is the greatest common factor of 112 and 1204?
28
What is the greatest common divisor of 2 and 82?
2
What is the greatest common divisor of 352 and 1672?
88
What is the highest common divisor of 195 and 52?
13
What is the greatest common